. Let d = -15 + 28. Calculate the greatest common factor of d and s.
13
Let x be 0 + (5 - (3 - 0)). Suppose k + 4*g = 50, x*k = -4*g + 39 + 61. Calculate the highest common divisor of k and 20.
10
Suppose 31 = 3*y + v, 2*y + 4*v - 2 = 32. Calculate the greatest common factor of 3 and y.
3
Suppose -3*s + 3 = -3*b + 75, 2*b - 3*s = 46. What is the greatest common divisor of b and 78?
26
Let d(k) = k**2 + k + 5. Let n be d(0). Suppose 28 = 4*t - 4*h, -5*t - 2 = n*h - 7. What is the highest common factor of 12 and t?
4
Suppose -u - 12 = -3*k, 0 = -0*u + 4*u - 12. Let v = 9 - k. Suppose -v*g + 3*n + 14 = n, 2*g + 5*n - 13 = 0. Calculate the highest common divisor of g and 4.
4
Suppose -2*u - 8 + 20 = 0. Let p = -2 + u. What is the highest common divisor of 1 and p?
1
Let w(h) = -3*h - 3*h - 2 + 7*h. Let f be w(6). Suppose -3*q = 4*v - 28, -2*q - 2*q + f = 2*v. What is the greatest common factor of 70 and v?
10
Let b be (114/(-9))/((-1)/3). What is the highest common factor of 57 and b?
19
Suppose 516 = -9*o + 1812. What is the highest common divisor of 12 and o?
12
Let m = -56 - -63. Let h(k) = 2*k**3 - 3*k**2 + 2*k - 1. Let r be h(2). What is the highest common divisor of m and r?
7
Let o(q) = 6*q - 7. Let h be o(5). Let k = h + -9. Let d(a) = 2*a - 15. Let z be d(11). What is the highest common divisor of z and k?
7
Let n = 250 - 137. Suppose -3*l = 4*p + n - 655, 8 = 4*l. Let j = p + -74. What is the highest common divisor of j and 15?
15
Let t(z) = z**2 + 6*z + 7. Let b be t(-6). Let x = b - 4. Let d be x/9*(15 + 0). What is the highest common divisor of d and 10?
5
Suppose -2*k + 6*i = 3*i - 180, 0 = 2*k + 4*i - 152. Calculate the greatest common divisor of k and 12.
12
Let d(o) = -o**3 + 3*o**2 + 2. Let t be d(3). Let z be 21*t/((-18)/(-21)). Calculate the greatest common divisor of 7 and z.
7
Let h be 72/27*9/4. Let z = -2 - -1. Let d be 6*(h/4 + z). What is the greatest common divisor of d and 3?
3
Let p(d) be the third derivative of -d**6/20 + d**5/20 + d**4/12 - d**3/3 - d**2. Let b be p(-2). Let o = 8 - -1. What is the highest common divisor of b and o?
9
Let o(h) = 2*h**2 + 2*h - 4. Let n be o(-3). Let q = n - -6. Calculate the highest common divisor of 56 and q.
14
Let a(g) = 5*g**2 - g - 9. Let t be a(-7). Suppose 17 = f - 2*p, -2*p + 118 = 7*f - 3*f. Calculate the greatest common divisor of t and f.
27
Suppose -118 = -13*m + 506. What is the highest common factor of 12 and m?
12
Let h = 32 + -36. Let v(a) be the third derivative of a**5/60 - a**4/6 + a**3/2 + a**2. Let q be v(h). Calculate the highest common divisor of q and 5.
5
Let i(a) be the third derivative of -a**4/24 + a**3/3 - a**2. Let c be i(-5). Calculate the greatest common divisor of 7 and c.
7
Suppose -5*x + 48 = -2*g - 21, -2*x - 151 = 3*g. Let s = g + 71. Calculate the greatest common factor of 96 and s.
24
Let y(a) = -a**2 + a - 74. Let h be y(0). Let x = h + 117. Suppose 5*w = -8 + x. Calculate the greatest common factor of w and 49.
7
Suppose -2*s - 3*s - 18 = -2*q, q = -4*s - 4. What is the greatest common divisor of q and 8?
4
Let u = -14 + 27. Let y = u - 12. What is the highest common divisor of y and 2?
1
Let w = 20 + -12. Let m = w + 8. Let d be 18*5/(15/m). What is the greatest common divisor of 12 and d?
12
Let z = 13 - 10. Suppose -44 = -z*g + g. Calculate the greatest common factor of 55 and g.
11
Let a(l) = -107*l - 2. Let p be a(-1). Calculate the highest common divisor of 15 and p.
15
Suppose 86 - 1 = 5*o. What is the greatest common divisor of 17 and o?
17
Suppose 0*v = 4*v - 660. What is the greatest common divisor of 15 and v?
15
Suppose 4*d + 0*a - 2*a - 40 = 0, d - 3*a = 0. Let s = -4 + d. Suppose -27 + 3 = -q. Calculate the highest common divisor of s and q.
8
Suppose 0 = -t - 3*t + 4. Suppose -4*l = 3*v + 1, -4 = v - 6*v - l. Calculate the highest common factor of t and v.
1
Suppose 4*s - 13 = 5*s - 4*j, -3*j - 20 = -5*s. Calculate the highest common factor of s and 77.
7
Let i be 306/15 + 10/(-25). Calculate the greatest common divisor of 60 and i.
20
Let j be (1 - 0)/((-465)/(-231) + -2). What is the greatest common factor of 7 and j?
7
Let i be (22 + 0)*(-1)/(-2). Calculate the highest common factor of i and 99.
11
Suppose 0 = 3*b - 2*b + 2*i + 25, -4*i = -3*b - 65. Suppose -h - 235 = 4*h. Let t = b - h. Calculate the highest common divisor of t and 8.
8
Let t = -2 + 2. Suppose 5*g - g - 4 = t. Let a be (-294)/(-3) + (2 - g). Calculate the greatest common divisor of 11 and a.
11
Suppose 7*z = 8*z - 25. Suppose 0 = -5*f + z - 10. Let q be f + (51/3 - 1). What is the highest common factor of q and 95?
19
Suppose -5*o = -6 - 14. Suppose -35 = -2*p + 5. Calculate the highest common factor of o and p.
4
Suppose 3*a = -0*a + 405. Let u = a + -80. Calculate the highest common factor of u and 5.
5
Let i be (-2 - -5)*-1 + 47. Suppose -i = 2*k - 6*k. Calculate the greatest common factor of 55 and k.
11
Let l(b) = 12*b - 6. Let v be l(2). Suppose -2*y + 4*x + 70 = 0, -5*y = -2*x - 152 + 9. Calculate the greatest common divisor of y and v.
9
Let b be 2/5 - 4/10. Let w = b - -6. Calculate the greatest common factor of w and 9.
3
Suppose -2*w - w - 36 = 0. Let a = 7 + w. Let v be -14*3/15*a. What is the greatest common factor of v and 2?
2
Suppose -2*n = 3*p - 57, 37 = -n + 3*n - p. Let a(w) = 63*w. Let l be a(3). Calculate the greatest common divisor of n and l.
21
Let h be -3*(-5)/(30/4). Let t be h/9 - 272/(-72). What is the greatest common factor of 20 and t?
4
Let t(z) = z + 32. Let w be t(-13). Calculate the highest common divisor of w and 133.
19
Let y = -52 - -108. Let g = -12 - -12. Let m(p) = 2*p + 14. Let l be m(g). Calculate the highest common divisor of l and y.
14
Let z = 80 + -48. Suppose m - 14 = 2. Suppose 0 + m = 2*n. Calculate the greatest common divisor of n and z.
8
Let l be 12*((-252)/16)/7. Let u = -15 - l. Calculate the greatest common factor of 12 and u.
12
Let s be 0 - -11*1*1. Suppose 3*z = -2 + 8. Let k = z - -9. What is the greatest common factor of k and s?
11
Suppose 0*z + 3*z - 90 = 0. What is the greatest common divisor of z and 45?
15
Let m be -8 + 62/8 + (-17)/(-4). Calculate the greatest common factor of 26 and m.
2
Suppose -5 = -o + 1. Let y = 14 - o. Calculate the greatest common divisor of y and 40.
8
Suppose 0 = 4*d + 12, w - 2*w - 5*d = 13. Suppose 5*k = -5*l + 100, l - 52 = -w*k - k. What is the greatest common divisor of 16 and k?
16
Let x = -9 + 8. Let n(i) = -4*i**3 - i**2 + 1. Let f be n(x). Suppose f*y - 25 = 23. What is the greatest common factor of y and 2?
2
Suppose -4*r - 3*b - 2 - 3 = 0, 5*r + 1 = -2*b. Let w be 7/(-14*(-4)/16). Calculate the greatest common divisor of r and w.
1
Suppose k = -4*h - 7, -5*h - 8 = -0*k + k. Let t be (25/1)/(h/(-4)). Calculate the highest common factor of 40 and t.
20
Let f(r) = 3*r**2 + 2*r - 1. Let q be f(2). Let t(l) = 30*l. Let h be t(2). Calculate the greatest common divisor of h and q.
15
Let o be (11/33)/((-2)/(-6)). What is the greatest common divisor of 1 and o?
1
Let h(z) = z**2 - 6*z - 2. Suppose -o + 3*f = 8, 2*f + f + 8 = -o. Let j be o/4 - (-8)/(-2). Let k be h(j). What is the greatest common divisor of k and 10?
10
Let m(i) = -6*i + 8 - i + 0*i**2 + i**3 - 9*i**2. Let w be m(10). Suppose 5*v = 20, 4*n - 2*v - 3*v - 360 = 0. Calculate the greatest common divisor of n and w.
19
Let k be 47 + 1/(4/(-12)). What is the greatest common factor of k and 4?
4
Let y(r) be the first derivative of r**3/3 - r**2/2 + r + 2. Let m be y(1). What is the highest common divisor of m and 8?
1
Suppose 4*c = 1 - 33. Let k be (-515)/c + 3/(-8). Calculate the greatest common divisor of 8 and k.
8
Suppose -12 - 218 = -5*m. What is the highest common factor of m and 115?
23
Let y be (3 - 5)/(6/(-315)). Let h = -14 + y. Suppose -o + 2*o = 13. Calculate the highest common factor of h and o.
13
Let n(r) = 38*r + 34*r - 68*r. Let f(q) = q**3 + 4*q**2 - 2*q - 2. Let l be f(-4). Let j be n(l). Calculate the greatest common divisor of j and 3.
3
Let l be 7/21*(0 - -57). What is the highest common divisor of 209 and l?
19
Suppose 3*u - 33 = -0*u + w, -5*w = 4*u - 63. Let v = 22 - u. Suppose -31 = -d + 19. Calculate the greatest common factor of v and d.
10
Let g = 12 - 8. Suppose -4*y = 3